r?
True
Let u be 20/7*(-147)/(-42). Suppose u*l - 1718 = 2772. Is l composite?
False
Let a = 32 + -26. Let j be (45/(-12))/(a/(-1024)). Let u = j + -99. Is u composite?
False
Suppose 5*v + 20356 = 2*y, 5*y + 4*v = 12697 + 38226. Is y a prime number?
False
Suppose -6700 = n - 1714. Suppose -2*c - 5*j = 4705, -2352 = 2*c - c + 3*j. Let y = c - n. Is y composite?
True
Let w be -2 + 4/4*18. Let n(g) = 27*g**3 + 12*g**2 + 6*g - 5. Let k be n(-10). Is (-4)/w - k/20 prime?
False
Is 29915 + 0 - (18 - (18 + 2)) prime?
True
Let y be 1/(((-25)/(-15))/(-5)) - 203. Let g = y - -541. Is g prime?
False
Let x = -26861 - -52906. Is x composite?
True
Let o(j) = 644*j**2 - 100*j + 489. Is o(28) a composite number?
True
Let v(n) = -107*n**2 + 3*n - 7. Let b be v(5). Let r = b + -130. Let l = r + 4700. Is l a prime number?
False
Suppose -132*i + 17271413 = -48*i + 73*i. Is i prime?
False
Suppose 2*c = 1485 + 423. Let n be c/12 + 3/2. Suppose z - n - 130 = 0. Is z a prime number?
True
Is ((-10772652)/(-68))/3 - (-3 + (-53)/(-17)) a prime number?
True
Let o = 49 - 45. Suppose 5*c - 76 = 4*x - 502, -o*c - 101 = -x. Let l = -50 + x. Is l prime?
True
Let w be (-2680)/90 - 6/27. Let y be (183 - -1)/((-3 - 3)/w). Is ((-154)/4 - -2)/((-20)/y) a prime number?
False
Let f = 6760 - 1980. Let i = f + -1961. Is i a composite number?
False
Let h(t) = 2*t**2 + 5*t + 10. Let a be 3/(-2)*(-12)/(-6). Let c be h(a). Let x = c + 6. Is x a prime number?
True
Let x(l) = l**2 + l + 286. Let w be x(0). Let s be (-8)/(-4) - -1 - (0 + -4). Let c = s + w. Is c composite?
False
Suppose 3*l = -l + 16, 0 = v + 3*l - 6581. Suppose -3*u = 4*t - 3923, -10*u = -5*u - t - v. Let o = u - 726. Is o a prime number?
True
Let y be ((-15)/(-2))/((15/8)/(-5)). Let r be (-572)/y - 3/5. Is 24605/r + 2/8 composite?
True
Let p be (-12)/40*-5 - 6/(-4). Let c be (p/4)/(1*(-6)/(-672)). Let d = 88 - c. Is d a composite number?
True
Suppose 0*j - 4025 = -5*j. Suppose 1675 = 7*s - 1181. Let b = j - s. Is b prime?
True
Suppose -7*j = -56157 - 95596. Suppose -j + 88216 = 9*q. Is q composite?
False
Suppose -20*h + 47641 = -516139. Is h prime?
False
Suppose -28368 = -2*z + 2*g + 94486, z + 4*g = 61402. Suppose -7*o + z + 5309 = 0. Is o a composite number?
False
Let v = -12400 - -76366. Suppose 6*a - v = -0*a. Is a a composite number?
True
Let j = -3434603 - -5989132. Is j prime?
True
Suppose -30*w - 280076 = 23*w - 728297. Is w prime?
False
Suppose 5*b - 10 = -5*w + w, -4*b + 8 = 3*w. Suppose r - 3 + b = 0. Is 1/(r/1061 - 0) a composite number?
False
Let v(j) be the first derivative of 7*j**3 - 5*j + 45. Is v(-4) a composite number?
False
Let m(o) = -2*o**3 + 11*o**2 + 7*o - 4. Suppose -5*r = 5*u - 50, -u - 2*r + 24 = 10. Let z be m(u). Let h(t) = 9*t**3 - 3*t + 1. Is h(z) composite?
False
Let w = -175 - -178. Suppose 6 - 1173 = -w*l + 3*m, 3*l = -2*m + 1177. Is l composite?
True
Let d(x) be the first derivative of -3*x**2/2 + 32*x + 21. Let a be d(11). Is 5/(-20) - (7202/(-8) + a) composite?
True
Let p(g) = -2272*g**2 - 25*g + 35. Let y(o) = 1135*o**2 + 12*o - 17. Let w(r) = 6*p(r) + 13*y(r). Is w(2) composite?
False
Suppose 2*k - 535997 - 536969 = 2*m, 5*m - 536531 = -k. Is k prime?
True
Let s = 535 + -532. Suppose -5*x + 7506 = -19*b + 20*b, s*b = 5*x - 7502. Is x prime?
False
Suppose d = -5*r + 29902 - 4975, -8 = -2*r. Is d composite?
False
Suppose 78 = 13*f - 39. Let u be (1713/f)/(4/(-36)). Let y = 2462 + u. Is y a composite number?
True
Let u(l) = -l + 7. Let h be u(-2). Let w(q) = 2*q**3 - 11*q**2 + 16*q + 13. Let a be w(h). Let b = a + -219. Is b a prime number?
False
Let y = 5662 - 11699. Let f = 14186 + y. Is f composite?
True
Let i(c) = 2502*c**2 - 22*c + 63. Is i(-5) a composite number?
False
Suppose 4*v + 280 = -12. Let u = v - -28. Is (-5)/u*-3*(-440 + 2) composite?
True
Is -1*9817772/(-187) - 12/22*-1 a prime number?
False
Let b be (12/21 - 0)/((-4)/(-28)). Let t be (2/b)/(4/(-8))*-571. Suppose 0 = 3*u - t + 190. Is u composite?
False
Let x(k) = 11*k**3 - 3*k**2 + 7*k - 31. Let s be x(3). Let o = -181 + s. Is o a prime number?
True
Let h be (-3)/18 - (-2 + 38/(-12)). Suppose h*i - 9529 = 4*p, -4*i - 1889 = -5*i + 5*p. Is i composite?
True
Let i(m) = -733*m**3 - 15*m**2 - 24*m - 479. Is i(-13) composite?
False
Let t be (-9 + -1)/((-4)/412*1). Let k = t + -66. Let d = -443 + k. Is d composite?
False
Let v = 7815 + 7599. Suppose 4*g - 2084 = -3*c + v, 5*c = g - 4363. Is g composite?
False
Let j = -23 + 34. Suppose -11*g + j = -44. Suppose g*d + 116 = o, -3*d = -6*o + o + 602. Is o composite?
True
Let f = 159234 - 66683. Is f prime?
True
Let z(o) = -61*o**2 - 4*o. Let c be z(2). Suppose 3*g - 3109 = -m + 3*m, -2*g + 3*m = -2066. Let y = g - c. Is y a prime number?
True
Suppose -153*p - 3819620 = -157*p - 5*m, 1909782 = 2*p - m. Is p a prime number?
False
Suppose -31*g - 33*g = -46*g - 3520458. Is g a composite number?
False
Suppose -33*w = 42*w + 97*w - 86945828. Is w prime?
False
Suppose 96*n = 87*n - 5*a + 8336702, a + 5 = 0. Is n a composite number?
True
Is (-4 - -126509)*(726/55 + -13) prime?
True
Let v(q) = -10*q - 48. Let r be v(-6). Suppose -r*b = -4*b - 26008. Is b prime?
True
Let b = 38843 - 11606. Let o be -6 - 1/((-2)/6). Is b/18 - (68/(-24) - o) prime?
False
Suppose 0 = 1911*h - 1849*h - 2088098. Is h a prime number?
True
Let h be 187/((2/(-6))/(5/15)). Let w = 266 + h. Is w composite?
False
Let w(d) = 354*d - 269. Let t be w(6). Suppose 3*q - h = t, 4*q - 5*q = 2*h - 623. Is q composite?
False
Let s = -14 + -205. Let t = s + -550. Let z = t - -1086. Is z composite?
False
Suppose 127432 = 13*v + 350109. Let w = 4994 - v. Is w composite?
False
Suppose -n - 4*n + 25 = 0. Let k be (11 - 12)/((-1)/n). Suppose 1980 + 2125 = k*y. Is y prime?
True
Let y be (615314/21)/((-2)/3). Let p = 68812 + y. Is p prime?
False
Let d = 168136 - 119489. Is d composite?
False
Suppose 8*z - 817541 - 602403 = 0. Is z a composite number?
False
Let m = -22 + 25. Suppose 12 = 7*k - m*k. Suppose 81 = 4*z + l, k*l = -3*z - 2*l + 82. Is z composite?
False
Let v be (-10 + 5)/(7/(-3) + 2). Suppose -6*u = -u - v. Suppose -2*i - u*d + 227 - 24 = 0, 2*i - 198 = -2*d. Is i a prime number?
False
Suppose -t + 9 = -5*u, -4*t + 2*t - u = 37. Is t/(-48) + 119760/9 prime?
False
Suppose -4242773 = -33*k - 20456. Is k composite?
True
Suppose l = 36*h - 31*h + 127756, 3*l + 5*h - 383368 = 0. Is l composite?
False
Let t(l) = 326*l**2 + 179 - 3*l - 178 + 4*l. Let p(k) = 651*k**2 + 2*k + 3. Let d(b) = -2*p(b) + 5*t(b). Is d(-1) a composite number?
True
Let s = -8400 + 12507. Let i = 9734 - s. Is i prime?
False
Is (-7809579)/(-27) - (64/12)/2 a prime number?
True
Let z be 414294/27 + 156/(-702). Suppose 2*n + 105 = 7*n. Suppose 5*j + z = n*j. Is j composite?
True
Let p be ((0 - -1) + 0)*1. Is p + (-7 - -2252) + -1 + 6 a composite number?
False
Let s = 64 + -37. Suppose -8*b = -13 - s. Suppose -5*f + b*p = -0*p - 9850, -4*f + 3*p = -7883. Is f composite?
False
Let d be (-11)/(-33)*9 - 6/1. Is (-10)/6 - d/((-9)/(-3122)) composite?
False
Suppose -n = -2*b + 5*b - 161, 516 = 3*n - 2*b. Suppose 2*a + 4361 + n = 3*p, p - 5*a = 1519. Is p prime?
False
Let v be (790557/(-51) - -9) + 2/17. Let k = v - -26129. Is k composite?
True
Suppose 166118 = 3*b + 280*u - 276*u, 0 = -3*u - 12. Is b prime?
False
Let i = -1782 - -11080. Is i composite?
True
Is 528578/4*((-782)/34 - -25) prime?
True
Suppose 5*m = -24 + 14. Let x(f) = 803*f - 3. Let w be x(m). Let s = w + 2396. Is s a prime number?
True
Let x = -85 + 87. Let g(r) = 4764*r**3 + 2*r**2 - 15*r + 21. Is g(x) prime?
False
Suppose 14*b - 14*b + 2650531 = 13*b. Is b a prime number?
False
Let l(n) = n**2 - 6*n + 2. Let o be l(6). Suppose 510 = o*x - 2128. Is x composite?
False
Is 6/(-9)*1*(-807414)/4 composite?
True
Is (-2)/(16760215/1523659 + -11) composite?
False
Suppose -5*p - 108*u + 112*u + 173761 = 0, 2*p + 6*u = 69512. Is p a composite number?
True
Let k(q) be the second derivative of 517*q**3/2 - 53*q**2 + 11*q. Is k(3) a prime number?
True
Let h(z) = -z**3 - 11*z**2 - 10*z + 5. Let q be h(-10). Suppose 2771 + 4034 = q*n. Is n a composite number?
False
Let i(o) = -2*o**3 - 3*o**2 + 6*o - 9. Let j be i(5). Let l = j - -1281. Is l a composite number?
False
Let r(o) = 68*o - 51. Let x(n) = n**3 + 10*